culate the highest common divisor of 1 and 2069.
1
What is the highest common factor of 378 and 56?
14
Calculate the greatest common factor of 8 and 152.
8
Calculate the highest common factor of 16653 and 546.
273
Calculate the highest common factor of 22 and 1078.
22
Calculate the greatest common factor of 4 and 816.
4
What is the greatest common factor of 25 and 925?
25
Calculate the greatest common factor of 693 and 42.
21
What is the greatest common factor of 319 and 29?
29
What is the greatest common factor of 66 and 264?
66
What is the greatest common divisor of 17 and 27659?
17
Calculate the greatest common divisor of 6 and 17982.
6
What is the highest common factor of 18830 and 140?
70
What is the greatest common factor of 1 and 18?
1
Calculate the greatest common divisor of 1072 and 16.
16
Calculate the highest common factor of 736 and 128.
32
What is the greatest common divisor of 323 and 38?
19
What is the highest common divisor of 50 and 575?
25
Calculate the greatest common divisor of 178 and 4.
2
What is the greatest common factor of 27 and 11025?
9
Calculate the greatest common divisor of 171 and 549.
9
What is the greatest common factor of 2433 and 9?
3
What is the greatest common factor of 1075 and 25?
25
What is the greatest common factor of 714 and 68?
34
Calculate the highest common factor of 3773 and 1309.
77
Calculate the highest common factor of 14 and 2310.
14
What is the highest common divisor of 1258 and 2414?
34
What is the greatest common factor of 203 and 17197?
29
What is the highest common divisor of 18 and 150?
6
What is the greatest common divisor of 60 and 195?
15
Calculate the highest common divisor of 29699 and 17.
17
What is the highest common factor of 344 and 432?
8
What is the greatest common divisor of 714 and 2448?
102
Calculate the highest common factor of 45347 and 993.
331
What is the greatest common factor of 1647 and 9?
9
What is the greatest common factor of 2346 and 306?
102
What is the greatest common divisor of 140 and 35?
35
Calculate the highest common divisor of 364 and 52.
52
What is the highest common divisor of 63 and 477?
9
What is the highest common divisor of 20 and 5755?
5
What is the highest common divisor of 80 and 360?
40
What is the greatest common factor of 4940 and 475?
95
Calculate the highest common divisor of 648 and 459.
27
Calculate the highest common factor of 325 and 39.
13
What is the greatest common divisor of 1200 and 450?
150
What is the highest common factor of 171 and 741?
57
Calculate the greatest common divisor of 36 and 16188.
12
Calculate the greatest common factor of 351 and 162.
27
What is the greatest common divisor of 355 and 213?
71
What is the greatest common factor of 162 and 7614?
162
What is the highest common factor of 72 and 2772?
36
What is the greatest common factor of 89 and 534?
89
Calculate the greatest common divisor of 2250 and 10.
10
Calculate the greatest common factor of 9493 and 11.
11
Calculate the greatest common divisor of 1085 and 14.
7
What is the highest common divisor of 689 and 53?
53
Calculate the greatest common factor of 67 and 938.
67
What is the greatest common divisor of 9 and 54801?
9
What is the highest common divisor of 97 and 7857?
97
What is the greatest common divisor of 350 and 50575?
175
Calculate the highest common divisor of 140 and 40.
20
Calculate the greatest common factor of 1463 and 1197.
133
What is the highest common divisor of 938 and 14?
14
Calculate the greatest common divisor of 126 and 2758.
14
What is the highest common divisor of 125 and 275?
25
What is the highest common factor of 423 and 27?
9
What is the greatest common divisor of 41 and 5207?
41
What is the greatest common divisor of 21 and 1533?
21
Calculate the highest common divisor of 1204 and 473.
43
Calculate the highest common factor of 12 and 69.
3
What is the highest common factor of 380 and 38?
38
Calculate the highest common factor of 292 and 28616.
292
What is the highest common factor of 784 and 5390?
98
Calculate the highest common divisor of 560 and 455.
35
What is the highest common divisor of 7062 and 18?
6
What is the highest common factor of 4469 and 41?
41
What is the highest common factor of 21894 and 246?
246
Calculate the highest common factor of 8 and 696.
8
What is the greatest common factor of 324 and 3726?
162
What is the highest common factor of 11945 and 5?
5
What is the highest common divisor of 28 and 749?
7
What is the greatest common divisor of 685 and 11371?
137
What is the greatest common factor of 13 and 7?
1
Calculate the greatest common divisor of 105 and 15.
15
Calculate the highest common divisor of 1450 and 20.
10
Calculate the greatest common divisor of 8 and 392.
8
Calculate the greatest common factor of 18 and 1278.
18
Calculate the greatest common divisor of 756 and 19845.
189
What is the greatest common divisor of 235 and 141?
47
Calculate the highest common divisor of 143 and 825.
11
Calculate the highest common factor of 11010 and 30.
30
What is the greatest common factor of 4700 and 4465?
235
What is the greatest common divisor of 1290 and 90?
30
What is the greatest common factor of 875 and 7?
7
Calculate the greatest common divisor of 93 and 36921.
93
Calculate the greatest common factor of 2584 and 68.
68
What is the highest common factor of 345 and 207?
69
Calculate the greatest common divisor of 115 and 253.
23
What is the highest common divisor of 36 and 9?
9
Calculate the greatest common factor of 1615 and 285.
95
Calculate the greatest common factor of 27 and 7011.
9
Calculate the highest common divisor of 11 and 319.
11
What is the highest common factor of 119 and 35?
7
Calculate the greatest common factor of 19 and 172.
1
Calculate the highest common divisor of 26416 and 364.
52
What is the highest common factor of 11900 and 500?
100
Calculate the highest common divisor of 27 and 54.
27
What is the greatest common factor of 2047 and 445?
89
What is the greatest common factor of 2970 and 110?
110
What is the highest common factor of 840 and 70?
70
What is the greatest common factor of 2810 and 10?
10
What is the highest common divisor of 33 and 418?
11
Calculate the greatest common factor of 522 and 18.
18
Calculate the greatest common divisor of 32 and 32.
32
What is the highest common divisor of 110 and 190?
10
Calculate the greatest common factor of 38 and 950.
38
What is the greatest common factor of 206 and 5459?
103
What is the highest common divisor of 658 and 5828?
94
Calculate the greatest common factor of 28 and 189.
7
What is the greatest common divisor of 93 and 31?
31
What is the highest common factor of 342 and 42?
6
Calculate the highest common factor of 1937 and 13.
13
What is the greatest common factor of 360 and 160?
40
What is the highest common divisor of 1521 and 9?
9
What is the highest common divisor of 1240 and 30?
10
Calculate the greatest common divisor of 324 and 288.
36
What is the highest common divisor of 15 and 345?
15
What is the greatest common factor of 405 and 5751?
81
What is the greatest common factor of 35 and 1015?
35
Calculate the greatest common factor of 456 and 12.
12
What is the greatest common divisor of 62 and 186?
62
What is the highest common factor of 1270 and 10?
10
Calculate the greatest common divisor of 26 and 741.
13
Calculate the highest common divisor of 44 and 1958.
22
What is the greatest common divisor of 24 and 3300?
12
Calculate the highest common factor of 30 and 1110.
30
What is the greatest common factor of 61 and 61?
61
What is the greatest common factor of 207 and 18423?
207
Calculate the greatest common factor of 1074 and 17542.
358
What is the highest common factor of 9246 and 138?
138
Calculate the greatest common factor of 176 and 11.
11
Calculate the greatest common divisor of 1215 and 12.
3
Calculate the greatest common divisor of 52 and 14.
2
What is the highest common divisor of 63 and 414?
9
Calculate the greatest common factor of 255 and 60.
15
Calculate the greatest common factor of 57 and 26049.
57
Calculate the greatest common factor of 275 and 1485.
55
What is the greatest common divisor of 6193 and 11?
11
Calculate the highest common divisor of 135 and 783.
27
What is the highest common factor of 237 and 6?